{"id":241,"date":"2020-07-29T16:31:48","date_gmt":"2020-07-29T19:31:48","guid":{"rendered":"http:\/\/cimae.org.ar\/wp-content\/uploads\/2020\/07\/CAPACITACI\u00d3N-EN-OPTIMIZACI\u00d3N-DE-LA-PRODUCCION_1.png"},"modified":"2020-07-29T16:31:48","modified_gmt":"2020-07-29T19:31:48","slug":"capacitacion-en-optimizacion-de-la-produccion_1","status":"inherit","type":"attachment","link":"https:\/\/cimae.org.ar\/index.php\/2020\/07\/29\/cursos-de-agosto-capacitate-on-line-y-gratis\/capacitacion-en-optimizacion-de-la-produccion_1\/","title":{"rendered":"CAPACITACI\u00d3N-EN-OPTIMIZACI\u00d3N-DE-LA-PRODUCCION_(1)"},"author":1,"featured_media":0,"comment_status":"open","ping_status":"closed","template":"","meta":[],"class_list":["post-241","attachment","type-attachment","status-inherit","hentry"],"aioseo_notices":[],"description":{"rendered":"<p class=\"attachment\"><a href='https:\/\/cimae.org.ar\/wp-content\/uploads\/2020\/07\/CAPACITACI\u00d3N-EN-OPTIMIZACI\u00d3N-DE-LA-PRODUCCION_1.png'><img loading=\"lazy\" decoding=\"async\" width=\"300\" height=\"300\" src=\"https:\/\/cimae.org.ar\/wp-content\/uploads\/2020\/07\/CAPACITACI\u00d3N-EN-OPTIMIZACI\u00d3N-DE-LA-PRODUCCION_1-300x300.png\" class=\"attachment-medium size-medium\" alt=\"\" srcset=\"https:\/\/cimae.org.ar\/wp-content\/uploads\/2020\/07\/CAPACITACI\u00d3N-EN-OPTIMIZACI\u00d3N-DE-LA-PRODUCCION_1-300x300.png 300w, https:\/\/cimae.org.ar\/wp-content\/uploads\/2020\/07\/CAPACITACI\u00d3N-EN-OPTIMIZACI\u00d3N-DE-LA-PRODUCCION_1-150x150.png 150w, https:\/\/cimae.org.ar\/wp-content\/uploads\/2020\/07\/CAPACITACI\u00d3N-EN-OPTIMIZACI\u00d3N-DE-LA-PRODUCCION_1.png 500w\" sizes=\"(max-width: 300px) 100vw, 300px\" \/><\/a><\/p>\n"},"caption":{"rendered":""},"alt_text":"","media_type":"image","mime_type":"image\/png","media_details":{"width":500,"height":500,"file":"2020\/07\/CAPACITACI\u00d3N-EN-OPTIMIZACI\u00d3N-DE-LA-PRODUCCION_1.png","sizes":{"medium":{"file":"CAPACITACI\u00d3N-EN-OPTIMIZACI\u00d3N-DE-LA-PRODUCCION_1-300x300.png","width":300,"height":300,"mime_type":"image\/png","source_url":"https:\/\/cimae.org.ar\/wp-content\/uploads\/2020\/07\/CAPACITACI\u00d3N-EN-OPTIMIZACI\u00d3N-DE-LA-PRODUCCION_1-300x300.png"},"thumbnail":{"file":"CAPACITACI\u00d3N-EN-OPTIMIZACI\u00d3N-DE-LA-PRODUCCION_1-150x150.png","width":150,"height":150,"mime_type":"image\/png","source_url":"https:\/\/cimae.org.ar\/wp-content\/uploads\/2020\/07\/CAPACITACI\u00d3N-EN-OPTIMIZACI\u00d3N-DE-LA-PRODUCCION_1-150x150.png"},"cream-magazine-thumbnail-2":{"file":"CAPACITACI\u00d3N-EN-OPTIMIZACI\u00d3N-DE-LA-PRODUCCION_1-500x450.png","width":500,"height":450,"mime_type":"image\/png","source_url":"https:\/\/cimae.org.ar\/wp-content\/uploads\/2020\/07\/CAPACITACI\u00d3N-EN-OPTIMIZACI\u00d3N-DE-LA-PRODUCCION_1-500x450.png"},"cream-magazine-thumbnail-4":{"file":"CAPACITACI\u00d3N-EN-OPTIMIZACI\u00d3N-DE-LA-PRODUCCION_1-450x500.png","width":450,"height":500,"mime_type":"image\/png","source_url":"https:\/\/cimae.org.ar\/wp-content\/uploads\/2020\/07\/CAPACITACI\u00d3N-EN-OPTIMIZACI\u00d3N-DE-LA-PRODUCCION_1-450x500.png"},"sow-carousel-default":{"file":"CAPACITACI\u00d3N-EN-OPTIMIZACI\u00d3N-DE-LA-PRODUCCION_1-272x182.png","width":272,"height":182,"mime_type":"image\/png","source_url":"https:\/\/cimae.org.ar\/wp-content\/uploads\/2020\/07\/CAPACITACI\u00d3N-EN-OPTIMIZACI\u00d3N-DE-LA-PRODUCCION_1-272x182.png"},"full":{"file":"CAPACITACI\u00d3N-EN-OPTIMIZACI\u00d3N-DE-LA-PRODUCCION_1.png","width":500,"height":500,"mime_type":"image\/png","source_url":"https:\/\/cimae.org.ar\/wp-content\/uploads\/2020\/07\/CAPACITACI\u00d3N-EN-OPTIMIZACI\u00d3N-DE-LA-PRODUCCION_1.png"}},"image_meta":{"aperture":"0","credit":"","camera":"","caption":"","created_timestamp":"0","copyright":"","focal_length":"0","iso":"0","shutter_speed":"0","title":"","orientation":"0","keywords":[]}},"post":236,"source_url":"https:\/\/cimae.org.ar\/wp-content\/uploads\/2020\/07\/CAPACITACI\u00d3N-EN-OPTIMIZACI\u00d3N-DE-LA-PRODUCCION_1.png","_links":{"self":[{"href":"https:\/\/cimae.org.ar\/index.php\/wp-json\/wp\/v2\/media\/241"}],"collection":[{"href":"https:\/\/cimae.org.ar\/index.php\/wp-json\/wp\/v2\/media"}],"about":[{"href":"https:\/\/cimae.org.ar\/index.php\/wp-json\/wp\/v2\/types\/attachment"}],"author":[{"embeddable":true,"href":"https:\/\/cimae.org.ar\/index.php\/wp-json\/wp\/v2\/users\/1"}],"replies":[{"embeddable":true,"href":"https:\/\/cimae.org.ar\/index.php\/wp-json\/wp\/v2\/comments?post=241"}]}}

http://cimae.org.ar/wp-content/uploads/2020/07/CAPACITACIÓN-EN-OPTIMIZACIÓN-DE-LA-PRODUCCION_1.png

CAPACITACIÓN-EN-OPTIMIZACIÓN-DE-LA-PRODUCCION_(1)

<p class="attachment"><a href='https://cimae.org.ar/wp-content/uploads/2020/07/CAPACITACIÓN-EN-OPTIMIZACIÓN-DE-LA-PRODUCCION_1.png'><img loading="lazy" decoding="async" width="300" height="300" src="https://cimae.org.ar/wp-content/uploads/2020/07/CAPACITACIÓN-EN-OPTIMIZACIÓN-DE-LA-PRODUCCION_1-300x300.png" class="attachment-medium size-medium" alt="" srcset="https://cimae.org.ar/wp-content/uploads/2020/07/CAPACITACIÓN-EN-OPTIMIZACIÓN-DE-LA-PRODUCCION_1-300x300.png 300w, https://cimae.org.ar/wp-content/uploads/2020/07/CAPACITACIÓN-EN-OPTIMIZACIÓN-DE-LA-PRODUCCION_1-150x150.png 150w, https://cimae.org.ar/wp-content/uploads/2020/07/CAPACITACIÓN-EN-OPTIMIZACIÓN-DE-LA-PRODUCCION_1.png 500w" sizes="(max-width: 300px) 100vw, 300px" /></a></p>

2020/07/CAPACITACIÓN-EN-OPTIMIZACIÓN-DE-LA-PRODUCCION_1.png

CAPACITACIÓN-EN-OPTIMIZACIÓN-DE-LA-PRODUCCION_1-300x300.png

https://cimae.org.ar/wp-content/uploads/2020/07/CAPACITACIÓN-EN-OPTIMIZACIÓN-DE-LA-PRODUCCION_1-300x300.png

CAPACITACIÓN-EN-OPTIMIZACIÓN-DE-LA-PRODUCCION_1-150x150.png

https://cimae.org.ar/wp-content/uploads/2020/07/CAPACITACIÓN-EN-OPTIMIZACIÓN-DE-LA-PRODUCCION_1-150x150.png

CAPACITACIÓN-EN-OPTIMIZACIÓN-DE-LA-PRODUCCION_1-500x450.png

https://cimae.org.ar/wp-content/uploads/2020/07/CAPACITACIÓN-EN-OPTIMIZACIÓN-DE-LA-PRODUCCION_1-500x450.png

CAPACITACIÓN-EN-OPTIMIZACIÓN-DE-LA-PRODUCCION_1-450x500.png

https://cimae.org.ar/wp-content/uploads/2020/07/CAPACITACIÓN-EN-OPTIMIZACIÓN-DE-LA-PRODUCCION_1-450x500.png

CAPACITACIÓN-EN-OPTIMIZACIÓN-DE-LA-PRODUCCION_1-272x182.png

https://cimae.org.ar/wp-content/uploads/2020/07/CAPACITACIÓN-EN-OPTIMIZACIÓN-DE-LA-PRODUCCION_1-272x182.png

CAPACITACIÓN-EN-OPTIMIZACIÓN-DE-LA-PRODUCCION_1.png

https://cimae.org.ar/wp-content/uploads/2020/07/CAPACITACIÓN-EN-OPTIMIZACIÓN-DE-LA-PRODUCCION_1.png
